{"id":48,"date":"2021-11-23T14:27:42","date_gmt":"2021-11-23T14:27:42","guid":{"rendered":"http:\/\/planwert.de\/?page_id=48"},"modified":"2021-11-23T14:38:21","modified_gmt":"2021-11-23T14:38:21","slug":"impressum","status":"publish","type":"page","link":"https:\/\/planwert.de\/?page_id=48","title":{"rendered":"Impressum"},"content":{"rendered":"\t\t<div data-elementor-type=\"wp-page\" data-elementor-id=\"48\" class=\"elementor elementor-48\">\n\t\t\t\t\t\t<section class=\"elementor-section elementor-top-section elementor-element elementor-element-8430e18 elementor-section-boxed elementor-section-height-default elementor-section-height-default\" data-id=\"8430e18\" data-element_type=\"section\" data-e-type=\"section\">\n\t\t\t\t\t\t<div class=\"elementor-container elementor-column-gap-default\">\n\t\t\t\t\t<div class=\"elementor-column elementor-col-100 elementor-top-column elementor-element elementor-element-9a2ba42\" data-id=\"9a2ba42\" data-element_type=\"column\" data-e-type=\"column\">\n\t\t\t<div class=\"elementor-widget-wrap elementor-element-populated\">\n\t\t\t\t\t\t<div class=\"elementor-element elementor-element-5d3d235 elementor-widget elementor-widget-heading\" data-id=\"5d3d235\" data-element_type=\"widget\" data-e-type=\"widget\" data-widget_type=\"heading.default\">\n\t\t\t\t<div class=\"elementor-widget-container\">\n\t\t\t\t\t<h2 class=\"elementor-heading-title elementor-size-large\">Impressum<\/h2>\t\t\t\t<\/div>\n\t\t\t\t<\/div>\n\t\t\t\t\t<\/div>\n\t\t<\/div>\n\t\t\t\t\t<\/div>\n\t\t<\/section>\n\t\t\t\t<section class=\"elementor-section elementor-top-section elementor-element elementor-element-d404ccd elementor-section-boxed elementor-section-height-default elementor-section-height-default\" data-id=\"d404ccd\" data-element_type=\"section\" data-e-type=\"section\">\n\t\t\t\t\t\t<div class=\"elementor-container elementor-column-gap-default\">\n\t\t\t\t\t<div class=\"elementor-column elementor-col-100 elementor-top-column elementor-element elementor-element-665da32\" data-id=\"665da32\" data-element_type=\"column\" data-e-type=\"column\">\n\t\t\t<div class=\"elementor-widget-wrap elementor-element-populated\">\n\t\t\t\t\t\t<div class=\"elementor-element elementor-element-081da80 elementor-widget elementor-widget-text-editor\" data-id=\"081da80\" data-element_type=\"widget\" data-e-type=\"widget\" data-widget_type=\"text-editor.default\">\n\t\t\t\t<div class=\"elementor-widget-container\">\n\t\t\t\t\t\t\t\t\t<p>Anschrift: \u00a0\u00a0 \u00a0<br \/>PlanWert GmbH<br \/>Unternehmensberatung<br \/>Parkstr. 3<br \/>53840 Troisdorf<br \/>\u00a0\u00a0 \u00a0 <br \/>Gesch\u00e4ftsf\u00fchrer: \u00a0\u00a0 \u00a0Wolf Roth \u00a0\u00a0 \u00a0 <br \/>Telefon: \u00a0\u00a0 \u00a002241 \u2013 3974 990 \u00a0\u00a0 \u00a0 <br \/>E-Mail: \u00a0\u00a0 \u00a0wolf.roth@planwert.de; \u00a0\u00a0 \u00a0 <br \/>URL: \u00a0\u00a0 \u00a0https:\/\/www.planwert.de \u00a0\u00a0 \u00a0 <br \/>Handelsregister: \u00a0\u00a0 \u00a0AG Siegburg, HRB 13391 \u00a0\u00a0 \u00a0 <br \/>UST-ID: \u00a0\u00a0 \u00a0DE299343846 \u00a0\u00a0 \u00a0 <br \/>Inhaltlich Verantwortlicher gem\u00e4\u00df \u00a7 10 Absatz 3 MDStV: Wolf Roth<br \/><br \/>Haftungshinweis: Trotz sorgf\u00e4ltiger inhaltlicher Kontrolle \u00fcbernehmen wir keine Haftung f\u00fcr die Inhalte externer Links. F\u00fcr den Inhalt der verlinkten Seiten sind ausschlie\u00dflich deren Betreiber verantwortlich.<br \/><br \/><\/p>\t\t\t\t\t\t\t\t<\/div>\n\t\t\t\t<\/div>\n\t\t\t\t\t<\/div>\n\t\t<\/div>\n\t\t\t\t\t<\/div>\n\t\t<\/section>\n\t\t\t\t<\/div>\n\t\t","protected":false},"excerpt":{"rendered":"<p>Impressum Anschrift: &nbsp;&nbsp; &nbsp; PlanWert GmbH Unternehmensberatung Parkstr. 3 53840 Troisdorf Gesch\u00e4ftsf\u00fchrer: &nbsp;&nbsp; &nbsp;Wolf Roth &nbsp;&nbsp; &nbsp; Telefon: &nbsp;&nbsp; &nbsp;02241 \u2013 3974 990 &nbsp;&nbsp; &nbsp; E-Mail: &nbsp;&nbsp; &nbsp;wolf.roth@planwert.de; &nbsp;&nbsp; &nbsp; URL: &nbsp;&nbsp; &nbsp;https:\/\/www.planwert.de &nbsp;&nbsp; &nbsp; Handelsregister: &nbsp;&nbsp; &nbsp;AG Siegburg, HRB 13391 &nbsp;&nbsp; &nbsp; UST-ID: &nbsp;&nbsp; &nbsp;DE299343846 &nbsp;&nbsp; &nbsp; Inhaltlich Verantwortlicher gem\u00e4\u00df \u00a7 10 Absatz 3 [&hellip;]<\/p>\n","protected":false},"author":2,"featured_media":0,"parent":10,"menu_order":1,"comment_status":"closed","ping_status":"closed","template":"","meta":{"footnotes":""},"class_list":["post-48","page","type-page","status-publish","hentry"],"_links":{"self":[{"href":"https:\/\/planwert.de\/index.php?rest_route=\/wp\/v2\/pages\/48","targetHints":{"allow":["GET"]}}],"collection":[{"href":"https:\/\/planwert.de\/index.php?rest_route=\/wp\/v2\/pages"}],"about":[{"href":"https:\/\/planwert.de\/index.php?rest_route=\/wp\/v2\/types\/page"}],"author":[{"embeddable":true,"href":"https:\/\/planwert.de\/index.php?rest_route=\/wp\/v2\/users\/2"}],"replies":[{"embeddable":true,"href":"https:\/\/planwert.de\/index.php?rest_route=%2Fwp%2Fv2%2Fcomments&post=48"}],"version-history":[{"count":8,"href":"https:\/\/planwert.de\/index.php?rest_route=\/wp\/v2\/pages\/48\/revisions"}],"predecessor-version":[{"id":71,"href":"https:\/\/planwert.de\/index.php?rest_route=\/wp\/v2\/pages\/48\/revisions\/71"}],"up":[{"embeddable":true,"href":"https:\/\/planwert.de\/index.php?rest_route=\/wp\/v2\/pages\/10"}],"wp:attachment":[{"href":"https:\/\/planwert.de\/index.php?rest_route=%2Fwp%2Fv2%2Fmedia&parent=48"}],"curies":[{"name":"wp","href":"https:\/\/api.w.org\/{rel}","templated":true}]}}